rue
Let d(o) = o**2 - 6*o + 1. Let p be d(5). Is 4 a factor of (1 + p)*(-128)/24?
True
Suppose 4*m = 8, -3*z + z + 4*m + 28 = 0. Suppose 2*d + 10 + 11 = o, 4*o = -3*d - 4. Let r = z + d. Is 5 a factor of r?
True
Suppose 76*r + 58 = 78*r. Is r even?
False
Let q(z) = 15*z**3 - 2*z**2 + 1. Let y be q(1). Let u(v) = 2 + 13*v - 6*v + y*v - 5. Is u(2) a multiple of 13?
True
Let a = -33 + 58. Is 5 a factor of a?
True
Let u = 452 + -164. Is u a multiple of 22?
False
Suppose -4*z = 4*r, -3 = 2*r - 4*z + 9. Is 1*(r + 15 + -3) a multiple of 3?
False
Is (-662)/(-11) + 12/(-66) a multiple of 12?
True
Let s = -3 + 11. Suppose -170 = -s*n + 3*n. Is 8 a factor of n?
False
Let n be (-1 - -2)/(1/(-3)). Is ((-42)/9 - 0)*n a multiple of 6?
False
Let u(s) = 12*s - 3. Let r be u(5). Suppose 3*h = 6*l - 3*l + r, 0 = -2*l + h - 39. Let g = 34 + l. Is 5 a factor of g?
False
Suppose -c = -6*c + 60. Let q = 17 - c. Suppose q*t - 12 = 48. Is t a multiple of 6?
True
Let p be 4/(-5)*745/(-2). Let h = p - 186. Suppose 2*o + 8 = d + 56, 4*o + 2*d = h. Is o a multiple of 13?
True
Let b(k) = -k**3 + 4*k**2 - 3*k. Let v be b(2). Suppose -v*z = -4*z. Suppose -45 = -3*q + 4*r + 29, z = -3*q - 4*r + 34. Is 7 a factor of q?
False
Let j = 1 + 0. Suppose -5*k + 12 = 2. Is (-23)/(-4 + k + j) a multiple of 9?
False
Let p be (-1)/((-7)/(-4) + -2). Suppose -52 - 64 = -p*v. Is v a multiple of 10?
False
Suppose -8 = -v - 4. Suppose v*p + 162 = 6*p. Is p a multiple of 23?
False
Let g(z) = 2*z - 3. Let j be g(3). Let w(n) = -n**2 - 5*n + 2. Let i be w(-5). Suppose i*k = -j*k + 105. Does 15 divide k?
False
Suppose 5*r - r - 196 = 0. Is r a multiple of 18?
False
Let y(o) = -11*o - 3. Let v be y(-3). Is 48/40*v/4 even?
False
Let u(l) = 9*l + 16. Is u(9) a multiple of 4?
False
Suppose 3*w = 3*l - 312, 0*w - 4*w = -l + 119. Does 8 divide l?
False
Let x = 2 - -4. Let y(q) = 3 - 4 - 8 - q**3 + x*q**2 + 6*q. Is 11 a factor of y(6)?
False
Let p be 6/1 + 1 + 0. Let f = 15 - 15. Suppose -4*g - p + 39 = f. Is g a multiple of 3?
False
Let z be 51/9 - 2/3. Suppose 2*x - 78 = 4*d, 2*x - z*x = d - 131. Is x a multiple of 18?
False
Suppose -5*j - 40 - 5 = 0. Let i be (-2)/j + (-610)/(-9). Suppose 3*d - 2*p + p = 41, 2*p = 5*d - i. Is d a multiple of 14?
True
Suppose 4*u - 3*v = v + 656, -v + 4 = 0. Is 15 a factor of u?
False
Let c = 7 - 19. Let f = c + 5. Is -2 - (f + 1 + -1) even?
False
Suppose -25 = 2*b + 3*b - 2*p, 0 = 4*b - 3*p + 20. Let s = b + 5. Suppose h - 30 = -s*h. Does 12 divide h?
False
Suppose -32*b - 156 = -36*b. Does 17 divide b?
False
Let b = -70 + 128. Suppose -3*o - b = -166. Is 12 a factor of o?
True
Suppose -4*d - 56 = -2*g, -2*d + 58 = -6*d + g. Let s = d + 27. Is s a multiple of 12?
True
Let r be 4/(-18) - (-32)/(-18). Is 15 a factor of 2 - (r - (31 + 0))?
False
Let w(y) = -4*y + 4*y - y - 5*y. Is w(-4) a multiple of 6?
True
Let i(c) = -14*c - 1. Let f be i(-6). Let q = -45 + f. Is q a multiple of 13?
False
Let z(n) = -n**2 + n + 155. Let h be z(0). Suppose w + 3*a = 4*a + h, -5*w - a = -751. Suppose -w = -5*u - 56. Is 19 a factor of u?
True
Let y be (-18)/(-10) - 6/(-30). Is 4 a factor of 11/(y - 1/1)?
False
Let q be ((-8)/(-10))/(2/(-25)). Let z = q - 2. Let c = 21 + z. Does 9 divide c?
True
Is 31 a factor of 68/((-33)/(-9) - 3)?
False
Let r = -244 - -424. Is r a multiple of 30?
True
Let i be 1/(-5) - (-112)/(-40). Let p be 0 + 1 + (-93)/i. Let o = p - 22. Does 3 divide o?
False
Let i(l) = 4*l - 4. Is i(9) even?
True
Let b = -7 - -19. Suppose d + 21 = 4*m, -2*d - 30 = -4*m - b. Suppose m*u - 42 = 4*u. Is 12 a factor of u?
False
Let x(a) = -a - 6. Let z be x(-10). Suppose -z*m + 52 = -28. Does 8 divide m?
False
Let v(z) = -3 - 5*z - 2*z - z - z**2. Let c be v(-6). Suppose 4*s - 55 = c. Does 8 divide s?
True
Let q = 2 + 1. Suppose -q*w + 3 = -2*w. Is 3*w/9 + 5 a multiple of 3?
True
Does 16 divide 123/(2 + -1) + 4?
False
Let c = -55 - -91. Is 18 a factor of c?
True
Let w = -8 + 19. Is 5 a factor of w?
False
Suppose 0 = 16*l - 12*l - 844. Does 22 divide l?
False
Suppose 0 = 2*q + q + a - 16, 0 = -4*q - a + 20. Suppose -3*i = y - 35, 0*y - 3*i - 125 = -q*y. Is y a multiple of 16?
True
Does 16 divide ((-10)/6 - -2) + 1460/12?
False
Let j(l) = -l**3 + 10*l**2 + 13*l - 8. Let b be j(11). Let f = -4 + 1. Does 7 divide b/((-2)/6*f)?
True
Let d = -3 - -4. Suppose b + d - 5 = 0. Is 2 a factor of b?
True
Suppose 2*u + 0*u = -3*d + 77, -2*d + 64 = -5*u. Suppose 3*z + 6 - d = 0. Does 4 divide z?
False
Suppose o + 0 + 17 = 0. Let a = o - -65. Does 10 divide a?
False
Suppose -3*p + 4*h = -5*p + 152, 5*h = -p + 82. Suppose -b = 3*f - 34, 4*f - 6*b - p = -2*b. Is 3 a factor of f?
False
Let x(o) = -o**3 - 7*o**2 - 9*o - 6. Let b be x(-6). Let l = 65 - b. Is l a multiple of 12?
False
Suppose 0*s - 5*s - x + 25 = 0, 3*s - 2*x = 15. Suppose 4*q = 5*b - 2*b + 18, 0 = q - b - s. Does 2 divide -1 + q + (2 - 2)?
True
Let t(q) = -q + 13. Does 6 divide t(-11)?
True
Let v = -23 - -35. Suppose 13*g - 9*g = v. Does 3 divide g?
True
Let w(q) = 4*q**2 + 2*q + 1. Let g be w(-2). Let v = -13 - -6. Let l = g + v. Is 3 a factor of l?
True
Is (8/(-10))/(1/(-20)) a multiple of 10?
False
Is 32 a factor of (-64)/(-36)*-6*-3?
True
Suppose 17 + 13 = -5*y. Let v(x) = x**3 + 9*x**2 - 11*x + 2. Let r be v(-10). Is (y/(-4))/(1/r) a multiple of 8?
False
Let p(j) = -240*j - 1. Is 42 a factor of p(-1)?
False
Let f(n) = -n + 11. Suppose 8*j = 3*j. Is f(j) a multiple of 8?
False
Let n be (-2)/(-5) - 4/10. Suppose 3*q = y - 27, 2*y + 0*q + q = 47. Suppose n*s + 16 = 3*s - 2*a, -2*a - y = -5*s. Is s a multiple of 2?
True
Suppose 1263 = 3*q + 4*t, 0 = -5*q + 3*t + 518 + 1616. Is q a multiple of 42?
False
Suppose a - 6*a = 15. Is -3 - (-1 + -10 - a) even?
False
Does 31 divide (-6)/39 + (-2407)/(-13)?
False
Suppose -1295 = 306*o - 311*o. Is o a multiple of 12?
False
Suppose -2*g + 2*p = -6, -5*g - 4*p + 2*p + 29 = 0. Let q(z) = z**3 - 7*z**2 + 9*z - 1. Let r be q(6). Suppose g = -w + r. Is 4 a factor of w?
True
Suppose -2*g - g - 6 = 0. Is ((-1)/2)/(g/24) a multiple of 4?
False
Let t be 184/(-56) - (-2)/7. Let c(s) = -s**3 - 2*s**2 - 3*s - 1. Does 9 divide c(t)?
False
Let m(c) = c + 0*c**3 - 11*c**2 + c**2 - 8 + c**3. Let p be m(10). Is p/(-3) - 88/(-6) a multiple of 5?
False
Let o = 4 + 19. Does 16 divide o?
False
Let c(y) = 21*y + 4. Does 10 divide c(6)?
True
Let a(b) = b**2 + 11*b + 10. Let k be a(-9). Let q(m) = -12*m. Does 29 divide q(k)?
False
Suppose 4*d - 6 = 5*v + 306, 2*d + 4*v - 130 = 0. Is 13 a factor of d?
False
Suppose 3*c + 230 = 4*o, 6*c - 64 = -o + 10*c. Is o a multiple of 8?
True
Let h be 7/((-28)/(-8))*1. Suppose g - 24 = -h*g. Does 8 divide g?
True
Suppose -6*n + 3*n + 6 = 0. Suppose -3*u + 105 = -0*u + b, 2*b = n*u - 78. Is u a multiple of 12?
True
Let x = 10 + -5. Let s = 5 - x. Is 12 a factor of (-44)/(-2 - s) + 2?
True
Suppose -6 = 5*w + 5*f + 9, -4*f = 3*w + 9. Let l = -12 + w. Let g = -4 - l. Is g a multiple of 11?
True
Let i = 27 + -19. Suppose 4*c + w = i*c - 12, 4*w = 0. Is 11 a factor of 4/c*66/4?
True
Let u(a) be the second derivative of -2*a**3/3 - 9*a**2/2 + 4*a. Is 19 a factor of u(-7)?
True
Let r be 0*(-1 - 4/(-2)). Suppose -g + 6 = -r*g. Is 2 a factor of g?
True
Suppose -1 - 29 = -3*t. Let u(s) = s**2 - 7*s - 9. Let w be u(t). Let p = w - 8. Does 13 divide p?
True
Let a(p) = -2*p**3 - 4*p**2 - 7*p - 8. Is a(-4) a multiple of 25?
False
Let g = 31 + 1. Suppose -3*f = -f - g. Suppose -5*t = f - 71. Is 11 a factor of t?
True
Let c = -53 + 93. Does 10 divide c?
True
Is (553/14)/(1/2) + 1 a multiple of 40?
True
Let v = -5093 + 7629. Is 11 a factor of (-2)/7 + v/56?
False
Let d(c) = -c**3 + 6*c**2 + c + 1. Suppose -10 = 4*l - 34. Let k be d(l). Let n = k + 4. Does 5 divide n?
False
Is (18/4)/((-3)/(-6)) a multiple of 4?
False
Suppose -i = a - 119 + 19, -4*a = i - 109. Is i a multiple of 24?
False
Let g(n) = -10*n**3 + 3*n**2 - 1. Does 17 divide g(-2)?
False
Let u(m) = 0 + 1 - 5 + 12 + 8*m. Is u(9) a multiple of 35?
False
Let s(r) = -3*r + 12. Let c = 9 - 18. Does 13 divide s(c)?
True
Suppose -6*x + 8*x = 0. Let i = 32 - x. Is 16 a factor of i?
True
Suppose n + 1 = 2*n. Let v(d) = -2*d + 25*d**2 + 3*d**2 - 5*d**2 + 1. Is v(n) a multiple of 13?
False
Suppose 9 = 4*v - 3. Let x = 1 + v. Suppose s - 24 = -x*b, -